n base 6?
-1341233
-5304154 (base 7) to base 15
-c9a01
-302330100 (base 4) to base 8
-627420
Convert 364764 (base 12) to base 14.
18c432
100001010110110000001 (base 2) to base 12
448629
-111324424 (base 6) to base 14
-3acd32
Convert 127477 (base 10) to base 6.
2422101
What is 214243040 (base 5) in base 2?
11100011010011001100
Convert 3d8953 (base 16) to base 6.
222234335
What is 2079a9 (base 13) in base 11?
479799
Convert 101021323 (base 4) to base 14.
1b871
Convert -22411434 (base 5) to base 6.
-4145541
45201434 (base 6) to base 12
56027a
What is 4141404130 (base 5) in base 11?
49064a7
1235332 (base 6) to base 15
14e1e
Convert -1200231021 (base 4) to base 2.
-1100000101101001001
2065717 (base 9) to base 14
20b340
Convert 41902b (base 12) to base 9.
1842138
What is 6036aa (base 11) in base 13?
280056
-2759685 (base 10) to base 3
-12012012120120
92230 (base 10) to base 4
112201012
310d1a (base 14) to base 5
410420320
5211a (base 15) to base 12
106651
What is -91cb44 (base 14) in base 7?
-56524314
-121403132 (base 7) to base 10
-7597865
What is 183665 (base 11) in base 7?
2255661
Convert 15aba7 (base 14) to base 5.
143302042
What is -4b4a35 (base 15) in base 16?
-37163f
-339513 (base 15) to base 12
-9a85a6
-18323a (base 11) to base 16
-44f59
2000012000020 (base 3) to base 16
104625
Convert -22334571 (base 8) to base 3.
-100002110201111
What is -3172570 (base 8) in base 6?
-30111452
Convert 10222332012 (base 4) to base 5.
303141312
What is -113314000 (base 6) in base 7?
-24030234
Convert -224633 (base 7) to base 16.
-9caa
What is 11120222112111 (base 3) in base 2?
1001010011110010100010
Convert -135104202 (base 6) to base 12.
-b12062
1121020111120 (base 3) to base 12
350659
What is -30101203 (base 4) in base 12?
-25117
What is 3a2adc (base 14) in base 10?
2005274
Convert -1510426 (base 10) to base 12.
-60a10a
Convert -20220a1 (base 12) to base 4.
-112330333321
6c9277 (base 15) to base 7
62103601
What is -100020020122 (base 3) in base 9?
-306218
-11100010100001110011 (base 2) to base 10
-927859
Convert 11010010000010110 (base 2) to base 4.
122100112
Convert -110211111222 (base 3) to base 13.
-8ac98
-11161511 (base 7) to base 6
-32504345
809484 (base 11) to base 3
2110002120211
What is -239991 (base 10) in base 8?
-724567
Convert 33063331 (base 7) to base 10.
2839180
What is -260234 (base 11) in base 14?
-a96dd
Convert -2839b2 (base 12) to base 5.
-132421131
What is 604156 (base 10) in base 13?
181cb7
What is 2772400 (base 10) in base 4?
22210312300
What is 30220303 (base 4) in base 14?
14c15
4127b (base 12) to base 13
2c939
What is -126323 (base 8) in base 9?
-66618
253044151 (base 6) to base 10
4904995
Convert 10231231131 (base 4) to base 9.
2283176
481bb6 (base 14) to base 15
339ea9
Convert 11011001111111000 (base 2) to base 9.
180078
-48291b (base 13) to base 10
-1719599
What is 8031404 (base 10) in base 2?
11110101000110010101100
What is -2255325 (base 6) in base 15?
-247ee
1220201012 (base 3) to base 6
450305
-105241055 (base 6) to base 15
-283008
What is -347234 (base 9) in base 11?
-132876
Convert -1652458 (base 10) to base 15.
-22993d
787a45 (base 16) to base 12
2789285
What is 26218 (base 10) in base 14?
97aa
10001111100000101000 (base 2) to base 4
2033200220
What is -a046 (base 11) in base 5?
-411420
What is -47c (base 14) in base 15?
-3e9
610b (base 12) to base 15
31b8
What is 1310122322 (base 4) in base 8?
1643272
2207562 (base 8) to base 12
247756
-274a57 (base 14) to base 9
-2488214
Convert -437075 (base 8) to base 6.
-3052325
Convert 1335d2 (base 14) to base 9.
1218655
What is -11100012210 (base 3) in base 6?
-1455333
1200655 (base 10) to base 9
2228881
142255 (base 7) to base 3
1101100201
What is -304213420 (base 5) in base 11?
-778a30
102450502 (base 7) to base 6
334150111
What is -257346 (base 11) in base 6?
-12403101
-16bd8 (base 15) to base 7
-424304
-24532 (base 14) to base 4
-111230000
What is 1042407 (base 8) in base 4?
1010110013
-11110011011010011111010 (base 2) to base 14
-10b8ab8
What is -11563 (base 12) in base 16?
-5adb
Convert e321 (base 15) to base 5.
3013311
Convert -33240 (base 6) to base 2.
-1001000011000
-23021012020 (base 4) to base 2
-1011001001000110001000
What is -17155 (base 12) in base 2?
-1000000100010001
Convert 11211220012 (base 3) to base 14.
26abd
What is -3432242 (base 5) in base 8?
-170204
Convert -1633307 (base 10) to base 12.
-66924b
Convert -10000101111010011000 (base 2) to base 4.
-2011322120
130745 (base 12) to base 13
ac09a
-43d00 (base 16) to base 15
-57475
-9187b (base 12) to base 4
-232102133
Convert 2243003234 (base 5) to base 12.
1834a9b
-102133132 (base 4) to base 13
-28624
22121101001 (base 3) to base 2
101001010110110111
2221312 (base 4) to base 6
122154
What is -104505050 (base 6) in base 8?
-7213066
Convert 18648454 (base 9) to base 16.
8fc1b8
What is 28865 (base 13) in base 3?
10212102202
aaa272 (base 13) to base 10
4020941
Convert 232320313001 (base 4) to base 7.
206322224
Convert -323010221 (base 5) to base 9.
-2526070
What is -8ce9 (base 16) in base 9?
-54431
What is 4091032 (base 10) in base 11?
2344720
What is 12334214 (base 5) in base 11?
83058
Convert -445 (base 9) to base 6.
-1405
10300002222 (base 4) to base 11
780720
65453 (base 10) to base 8
177655
224514105 (base 6) to base 10
4146809
What is -11111010100101100011 (base 2) in base 11?
-641174
-100103010 (base 4) to base 7
-365424
Convert 21133302221 (base 4) to base 9.
4613865
23556611 (base 7) to base 9
3847452
Convert 73532 (base 9) to base 6.
1012432
-2069a6 (base 16) to base 12
-865346
Convert 74806 (base 12) to base 9.
253156
10264331 (base 8) to base 9
4106420
1035130 (base 7) to base 12
61351
What is 29d79 (base 16) in base 15?
35baa
What is dfe1c (base 16) in base 7?
10536346
Convert 18066 (base 9) to base 7.
51210
Convert 1000000111100101111011 (base 2) to base 11.
1223a94
What is 482aa (base 13) in base 4?
200103022
-12115f (base 16) to base 7
-13031113
What is -45403102 (base 6) in base 7?
-14525234
What is 214332433 (base 6) in base 16?
3acd25
Convert 248363 (base 9) to base 3.
21122102010
What is 31044 (base 7) in base 2?
1110110011010
What is 1010001011110011011010 (base 2) in base 13?
726272
1a7509 (base 11) to base 15
64097
Convert 127a6 (base 14) to base 15.
d6d2
Convert 624041 (base 7) to base 13.
39953
112320211 (base 4) to base 16
16e25
Convert -1110006 (base 7) to base 6.
-2533343
What is -212313313 (base 5) in base 11?
-565aa7
Convert -1727332 (base 8) to base 7.
-4164654
Convert 1eb6aa (base 16) to base 10.
2012842
25241321 (base 7) to base 5
1040412204
17b112 (base 14) to base 9
1515286
What is -41271625 (base 8) in base 13?
-1a72a9a
What is -118aa3 (base 14) in base 8?
-2224347
What is -50010142 (base 8) in base 5?
-10141134304
Convert -321320221 (base 4) to base 3.
-110001020101
Convert 1012322311320 (base 4) to base 10.
18591096
Convert -120120100110 (base 3) to base 8.
-1126403
Convert -70532675 (base 8) to base 14.
-1d8a857
What is 10100110110000110110001 (base 2) in base 9?
11247783
Convert 59a228 (base 11) to base 5.
220404411
Convert 77c518 (base 14) to base 11.
2329068
10011111110010000100 (base 2) to base 13
19bb79
Convert -1210211210102 (base 3) to base 11.
-5a7350
-407020 (base 9) to base 6
-5101113
Convert -23d29 (base 16) to base 10.
-146729
Convert 1609450 (base 12) to base 7.
53131302
-111121210101120 (base 3) to base 5
-3323124010
What is -3200561 (base 7) in base 12?
-167a55
Convert -270a4 (base 12) to base 10.
-53692
339266 (base 16) to base 11
19a9339
Convert 340004 (base 5) to base 15.
37be
-2448374 (base 10) to base 11
-1422555
4101365 (base 7) to base 9
823285
Convert 236711 (base 10) to base 6.
5023515
Convert 11210002210 (base 3) to base 13.
33ab9
b2492 (base 15) to base 6
20034102
Convert -198a7 (base 12) to base 14.
-d995
Convert -236341233 (base 7) to base 8.
-70251027
Convert -1572212 (base 9) to base 13.
-247c07
Convert bdab1 (base 16) to base 14.
163197
-42140 (base 16) to base 2
-1000010000101000000
-54003103 (base 6) to base 9
-2877843
What is 156887 (base 16) in base 7?
14632265
What is -4013442 (base 5) in base 9?
-106241
b6093 (base 15) to base 5
121433023
-338bd9 (base 16) to base 8
-14705731
4341657 (base 12) to base 15
11c575a
What is 210212111012012 (bas